{"id":1911,"date":"2020-03-11T10:57:32","date_gmt":"2020-03-11T13:57:32","guid":{"rendered":"https:\/\/ibdcivil.org.br\/?post_type=product&#038;p=1911"},"modified":"2020-03-11T10:58:00","modified_gmt":"2020-03-11T13:58:00","slug":"curso-de-extensao-curta-duracao","status":"publish","type":"product","link":"https:\/\/ibdcivil.org.br\/?product=curso-de-extensao-curta-duracao","title":{"rendered":"Curso de extens\u00e3o &#8211; Curta dura\u00e7\u00e3o"},"content":{"rendered":"<p>Texto 1<\/p>\n","protected":false},"excerpt":{"rendered":"<p>Texto 2<\/p>\n","protected":false},"featured_media":0,"template":"","meta":{"_et_pb_use_builder":"","_et_pb_old_content":"","_et_gb_content_width":""},"product_brand":[],"product_cat":[32],"product_tag":[],"class_list":{"0":"post-1911","1":"product","2":"type-product","3":"status-publish","5":"product_cat-sem-categoria","7":"first","8":"instock","9":"shipping-taxable","10":"purchasable","11":"product-type-simple"},"_links":{"self":[{"href":"https:\/\/ibdcivil.org.br\/index.php?rest_route=\/wp\/v2\/product\/1911","targetHints":{"allow":["GET"]}}],"collection":[{"href":"https:\/\/ibdcivil.org.br\/index.php?rest_route=\/wp\/v2\/product"}],"about":[{"href":"https:\/\/ibdcivil.org.br\/index.php?rest_route=\/wp\/v2\/types\/product"}],"wp:attachment":[{"href":"https:\/\/ibdcivil.org.br\/index.php?rest_route=%2Fwp%2Fv2%2Fmedia&parent=1911"}],"wp:term":[{"taxonomy":"product_brand","embeddable":true,"href":"https:\/\/ibdcivil.org.br\/index.php?rest_route=%2Fwp%2Fv2%2Fproduct_brand&post=1911"},{"taxonomy":"product_cat","embeddable":true,"href":"https:\/\/ibdcivil.org.br\/index.php?rest_route=%2Fwp%2Fv2%2Fproduct_cat&post=1911"},{"taxonomy":"product_tag","embeddable":true,"href":"https:\/\/ibdcivil.org.br\/index.php?rest_route=%2Fwp%2Fv2%2Fproduct_tag&post=1911"}],"curies":[{"name":"wp","href":"https:\/\/api.w.org\/{rel}","templated":true}]}}